 + 52. Let g(q) = q**3 + 9*q**2 + 2*q - 9. What is the units digit of g(c)?
9
Suppose 4*p + 30 = 2*y, -3*p + 4*y - 33 = 6*y. Let l = -6 - p. Suppose -5*m = n - 16, -l*n + 132 = 2*n - m. What is the units digit of n?
6
Suppose -5*l + 745 - 25 = 0. Suppose 0*h - 6*h + l = 0. What is the tens digit of h?
2
Let n be 95/(-20) - 6/(-8). What is the tens digit of n/(-6)*99/6?
1
Let r be ((-10)/(300/234))/((-2)/10). Suppose -93 = -3*x + r. What is the units digit of x?
4
Let j be -3*(-4)/(-12) - (-5 - -1). What is the hundreds digit of j*-1 + (-2964)/(-13)?
2
Let n = 123 + -106. What is the tens digit of n?
1
Let p = -1527 + 2572. What is the thousands digit of p?
1
Let n = 109 - -666. What is the tens digit of n?
7
Let l be 2/(-3)*(-120)/16. Suppose -l*m - m = -96. What is the units digit of m?
6
Suppose -4*n - 10 - 10 = -2*h, -2*n = -2*h + 10. Suppose 3*o + 5 = -5*z, h = 5*z + o - 3*o - 20. What is the units digit of z?
2
What is the units digit of (-2)/(-14) - 351/(-189)?
2
Suppose 10626 = 40*o - 18*o. What is the tens digit of o?
8
Suppose -5*f - 3*c + 21 = 0, 3*f = f + 3*c + 21. Suppose 3*p = 4*o - 16, 5*p + 14 = -f. What is the units digit of (-27)/(o - -2 - 4)?
7
Let i be 60/18*3/2. Suppose i*p - 131 = -5*s + 94, -2*p + s = -105. What is the tens digit of p?
5
Let t(u) = 11*u**2 + 13*u - 65. What is the tens digit of t(8)?
4
Let a = 551 + -600. Let f = -35 - 49. Let m = a - f. What is the units digit of m?
5
Let b(v) = 27*v**2 - 10*v + 65. What is the units digit of b(5)?
0
Let t = -40 + 73. Suppose -m + 12 + t = 0. What is the units digit of m?
5
Let j(k) = 0 - 5 + 0 + 2*k. Let t be j(4). Suppose -5*l - 18 - 27 = -t*n, -3*l = 9. What is the units digit of n?
0
Let p(g) = 1 + 36*g - 27*g + 30. What is the tens digit of p(7)?
9
Let n be 717/4 - (-18)/24. Let m = n + 40. What is the units digit of m?
0
Let c = -214 - -439. What is the tens digit of c?
2
Let w be (-3)/2*320/(-3). Suppose 0 = 5*f + 5*q - 0*q - w, 0 = 3*q - 9. What is the tens digit of f?
2
Let j be -1 - 12 - (-1 + 3 - 6). Let o(x) = -x**3 - 9*x**2 - 2 + 3 - 2*x + x. What is the tens digit of o(j)?
1
Let u(q) = 5*q**2 + 2*q + 3. Let p(y) = -14*y**2 - 5*y - 10. Let j(r) = 6*p(r) + 17*u(r). What is the units digit of j(12)?
3
Let c be (1752/20)/(6/20). Suppose 10*m - 6*m - c = 0. What is the tens digit of m?
7
Suppose -19 = 3*v - 52. Suppose -3*r + v = -331. What is the units digit of r?
4
Suppose -13 = -5*u - 3. Suppose 0 = k - 2*y - 9, u*k - k = -2*y + 17. Suppose -4*j + 55 = -k. What is the tens digit of j?
1
Suppose -27 = 4*g - 107. Suppose 6 = k - 0*o + 3*o, g = -4*o. Suppose 0 = 5*q + 3*d - 56, 2*d + 50 + k = 5*q. What is the tens digit of q?
1
Let r(k) = 16*k**3 + 6*k**2 - 6*k - 2. What is the hundreds digit of r(4)?
0
Suppose -2*y + 4*y = 122. Let d = -5 - -5. Suppose 5*o - y - 14 = d. What is the units digit of o?
5
Suppose -g - 7 = -13. Let w = 63 - g. What is the tens digit of w?
5
What is the tens digit of 3 + -4 - -2506 - (-3 + 9)?
9
Let q(n) = -8*n**2 + 14*n + 11. Let y(d) = -d**2 - d + 1. Let b(o) = -q(o) + 2*y(o). What is the tens digit of b(7)?
7
Suppose 6*x = c + 2*x + 20, -x + 5 = 3*c. Suppose 3*g - 7*g + 280 = c. What is the tens digit of g?
7
Let u(x) = x**3 + 3*x + 12. Let n(b) = 2*b**3 + b**2 + 4*b + 13. Let f(d) = -3*n(d) + 4*u(d). What is the units digit of f(-4)?
9
Suppose -31*z + 32*z = 3*w - 1989, 4*w + z = 2659. What is the tens digit of w?
6
Let w = -554 + 1177. What is the units digit of w?
3
Suppose 0 = -4*i + 23*i - 15162. What is the tens digit of i?
9
Let s be 3/(-30) - 36/40. Let u be (55/10)/(2/4). Let n = u + s. What is the tens digit of n?
1
Let p = 17 + 280. What is the tens digit of p?
9
Let a = -14 + 18. Let g(u) = 11 - a*u**3 + 3*u**3 + 12*u - 10*u**2 - 3*u. What is the tens digit of g(-11)?
3
Let u(s) = -34*s + 142. What is the units digit of u(-15)?
2
Suppose 21 - 1 = i. Suppose 4*a - i = l, 0*l = 3*l + 12. Suppose -a*q + 3*r - 21 = -123, q - 5*r = 34. What is the units digit of q?
4
Suppose -4*p = -3*t - 2*p + 4446, -2*p + 4434 = 3*t. What is the hundreds digit of t?
4
Suppose 4*b - 6 = 2. Suppose 0 = b*j + 96 - 256. What is the tens digit of j?
8
Let u = 127 - 67. Let k = 43 - 40. Suppose -u = -k*c + z, 2*c - 3*c - z = -24. What is the units digit of c?
1
Let x = -25 + 316. What is the tens digit of x?
9
Let v(q) = -27*q - 9. Let b = 5 - 8. What is the tens digit of v(b)?
7
What is the hundreds digit of ((17183 - 5)/(-7))/(-2)?
2
Let m = -317 + 447. Suppose m + 65 = -5*p. What is the units digit of (-197)/(-13) + 6/p?
5
Suppose -46 - 19 = -5*n. Suppose 0 = y - n - 19. What is the tens digit of y?
3
Let w = 805 + -656. What is the units digit of w?
9
Let w be 554 + (-3)/(4/16*4). Let r = w + -393. What is the hundreds digit of r?
1
Let a(r) = 297*r**2 - 11*r - 3. What is the thousands digit of a(-3)?
2
Suppose 5094 = 5*h - 3*o, -h - 7*o + 6*o = -1014. What is the hundreds digit of h?
0
Suppose 3*s - 850 = -79. What is the hundreds digit of s?
2
Let p(l) = -l - 29. Let g be p(-19). Let w = -24 - -48. Let c = w + g. What is the units digit of c?
4
Suppose 2*b = 0, -5*c + 1082 = -3*c - 2*b. What is the units digit of c?
1
Suppose -3*q + 7*q = 5*c - 3615, -2*q + 3645 = 5*c. What is the units digit of c?
7
Suppose -t - 5*p + 782 = -p, -2*t + 1584 = 4*p. What is the hundreds digit of t?
8
Let l be 2/10 - (-2431)/(-55). Let a = -11 - l. Suppose -1 + a = 8*j. What is the units digit of j?
4
Suppose 10 = 26*h - 24*h. What is the units digit of ((-2)/(-2))/((h/220)/1)?
4
Let f = 356 + -211. Suppose 6*d - 131 = f. What is the tens digit of d?
4
Suppose -8*o = -2*o + 42. Let n be (-903)/(-9) - o/(-21). Suppose 107 = 4*x - 3*y, -x + n = 3*x + 4*y. What is the units digit of x?
6
Let s = -6 - -11. Suppose s*j = -2 + 32. Let y(p) = p - 4. What is the units digit of y(j)?
2
Let t(c) = -12*c - 3. Let k(g) = 11*g + 3. Let u(i) = 4*k(i) + 3*t(i). Let l be ((-33)/(-9) - 3)*3. What is the tens digit of u(l)?
1
Let y = -83 - -82. Let v = 18 - y. What is the units digit of v?
9
Let y(u) = -u**3 + 7*u**2 + 3*u + 1. Let h be y(7). Let p = 128 - h. What is the tens digit of p?
0
Suppose 2*g = -3*x + 14515, -63*x = -66*x + 2*g + 14531. What is the thousands digit of x?
4
Let b = -627 - -898. What is the tens digit of b?
7
Let n(b) = b + 26. Let w be n(-11). Let y(z) = z**3 - 16*z**2 + 21*z - 21. What is the units digit of y(w)?
9
Suppose 17 = 7*h - 4. What is the units digit of 2/h*18 - -1?
3
Let h(k) be the third derivative of k**5/60 + 11*k**4/24 - 25*k**3/6 - 2*k**2. What is the tens digit of h(-14)?
1
Let v(q) = -33*q - 121. What is the units digit of v(-35)?
4
Suppose 2*b = 16 + 14. Let t be (b/(-2))/((-4)/8). Suppose -3*z = 4*h - 50, -z + 0*h = -5*h + t. What is the tens digit of z?
1
Let f = 25 - 23. Suppose 0 = -2*d + 3*n + 29, -2*d - d = -n - 47. Suppose -f*j = -4*z + d, -4*z = -j + 6*j + 12. What is the units digit of z?
2
Suppose -3*k + 3505 = 5*f - k, 3515 = 5*f + 4*k. What is the units digit of f?
9
Let i be 4/20*1 - (-1808)/10. Let u = i - 54. What is the units digit of u?
7
Let q(f) = 36*f**2 - 2*f - 1. Let m(o) = o - 10. Let h be m(9). Let u be q(h). Let i = u + -6. What is the units digit of i?
1
Let h = 292 - 219. What is the tens digit of h?
7
Let i(s) = -6 + 2 + 11*s - 4. Let d(k) = k**3 + 5*k**2 - 2*k - 20. Let f be d(-4). What is the units digit of i(f)?
6
Suppose -59*a + 7038 = -13*a. What is the hundreds digit of a?
1
Suppose 0 = 2*a + 5 - 15, 5*q - 15915 = a. What is the thousands digit of q?
3
What is the tens digit of -5 + 4 + (1114 - 2) + -2?
0
Suppose 7*g + 990 = 12*g. What is the hundreds digit of g?
1
Suppose 6*w = 2*w - 132. Let p = w + 56. What is the tens digit of p?
2
Let f = -80 - -83. Suppose 6*j = 4*b + f*j - 336, -158 = -2*b + 4*j. What is the units digit of b?
7
Let a(b) = 8 + 13 + 0*b - 13 + 6*b. What is the units digit of a(5)?
8
What is the units digit of 0 + 4 + -5 + 569?
8
Suppose 4*y - o = 16606, 0 = 5*y + 2*o - 24536 + 3785. What is the thousands digit of y?
4
Suppose -2*i + 214 = 2*z, 14*i + z + 2*z = 1487. What is the units digit of i?
6
What is the units digit of (-268)/(-14)*-3*(-42)/36?
7
What is the units digit of ((-106)/(5 - 7))/((-10)/(-150))?
5
Suppose 7*m = -3*m - 260. What is the tens digit of 4/m - (-1